-a, 2*v - 65 = -f. Suppose -27 + 87 = 12*i. What is the highest common divisor of f and i?
5
Let r be 0 - -3*8/(-12). Let a(k) = 7*k**2 + 3*k + 3. Let h be a(r). Calculate the greatest common divisor of h and 10.
5
Suppose -3*q = -0*q - 156. Let c be 10/(-45) + 202/18. Let p = 2 + c. What is the greatest common divisor of p and q?
13
Suppose -2*q - 2 = -2*i + 10, 4*i - 18 = q. Let t(n) = -4*n - 4 + 4*n + 12*n. Let o be t(i). Calculate the highest common factor of 11 and o.
11
Let q = 5 + -3. Let p be (0 - (-2)/q) + 2. Suppose 4*v = x + 84, 5*x + 54 = p*v + 2*x. Calculate the greatest common factor of 55 and v.
11
Let b(v) = 6*v**2 + 4*v + 6. Let x be b(-2). Let w = -166 + 254. Calculate the highest common factor of w and x.
22
Suppose -k - t + 28 = 0, 2*k - 74 = -0*t + 4*t. What is the highest common divisor of k and 31?
31
Suppose 0 = -3*d - 9, -7*t + 5*d + 19 = -3*t. Let z = t + 2. Suppose 6 = z*j - 18. What is the highest common factor of 24 and j?
8
Suppose y = 2*y - 9. Suppose -3*h - y = 0, -4*k = 4*h - 233 - 175. Let m be k/10 - (-1)/(-2). What is the greatest common factor of m and 4?
2
Let v(q) = 2*q. Suppose -2*c = -c - y - 2, 0 = -c + 3*y. Let u be v(c). Calculate the highest common divisor of u and 6.
6
Let h = -173 - -245. Calculate the greatest common divisor of 8 and h.
8
Let r(c) = -c**2 - 5*c + 1. Let f be r(7). Let i = -11 - f. What is the greatest common factor of i and 12?
12
Suppose 0*j + 2 = j. Let g be ((-8)/24)/(j/(-18)). What is the highest common divisor of g and 27?
3
Suppose -3*j = t - 7, 5*t - 34 + 11 = -3*j. What is the greatest common divisor of 1 and j?
1
Let a = 8 - -37. Let p(s) = s**2 + 5*s + 4. Let u be p(-7). Calculate the highest common divisor of u and a.
9
Let k = 82 - 78. What is the greatest common divisor of k and 3?
1
Suppose -9*v + 4*v = 50. Let w be (0 + 24)/((-15)/v). What is the highest common divisor of 32 and w?
16
Suppose 0 = y - 42 - 12. Let x = 12 + y. What is the highest common divisor of x and 6?
6
Let f(m) = m**2 - m + 1. Let n be f(1). Let z = 1 + n. Let v(c) = -c + 2. Let w be v(0). What is the highest common factor of z and w?
2
Let o = -13 - -21. Suppose 5*k = 2*d - 0*d + 22, -3*k + 14 = -2*d. Let u be 6/o - (-61)/k. What is the highest common factor of 16 and u?
16
Let i(f) = -11*f**3 - 2*f - 1. Let v be i(-1). Let z be -1*((1 - -1) + -32). Calculate the highest common factor of z and v.
6
Let h = -45 + 61. What is the highest common divisor of h and 2?
2
Suppose 0 = 2*w - 2*v - 8, 5*w + 4*v - 4 = v. Let m be 1 - w*-7 - -1. Let x = 4 + -2. What is the greatest common factor of x and m?
2
Suppose -m + 5*v - 19 = 0, 4*m - 1 = 4*v - 13. What is the highest common factor of m and 4?
1
Let v = -2 + 13. Let p(k) = -17*k + 2. Let b be p(2). Let x be (-3528)/b - 1/4. Calculate the highest common divisor of x and v.
11
Let t be 4 - (-15 + 0) - (1 + 0). Let w = 9 + 3. What is the greatest common factor of w and t?
6
Suppose 23 = -3*m - 0*m - 4*h, -m + h - 10 = 0. Let u = -17 - m. Let o = u + 43. What is the highest common factor of 7 and o?
7
Suppose 5*g - 842 = -0*b - 2*b, 4*b - 844 = -5*g. Calculate the greatest common divisor of g and 24.
24
Let u(s) = s**3 + s**2 + s - 6. Let j be u(0). Let c(p) = 2*p**2 + 7*p. Let i be c(j). Calculate the highest common divisor of i and 6.
6
Let q(o) = -o**2 + o - 1. Let x(z) = 4*z**2 - 9*z - 4. Let m(i) = -3*q(i) - x(i). Let d be m(5). Calculate the highest common factor of 12 and d.
12
Let p(b) = 6*b + 3. Let x be p(3). Suppose -5*g + 2*g + 42 = 0. Let s = x - g. Calculate the highest common divisor of s and 49.
7
Let x(h) = h + 28. Let t be x(0). Suppose 3*v - 210 = 2*g, 5*v - 350 = -2*g + g. Calculate the highest common factor of t and v.
14
Suppose 0*s + 36 = 4*s. Let t = -17 + -3. Let l = 7 - t. Calculate the greatest common factor of l and s.
9
Let b = -30 - -54. Calculate the highest common divisor of b and 40.
8
Let n be (-4 + -4)/(-2 + 1). Suppose o = -o + n. Suppose -14 = -o*g - 6. What is the highest common factor of 6 and g?
2
Let f be (-4)/6*-3 + 2. Suppose 0 = w - f. Suppose -w*k + 13 = 1. What is the greatest common factor of 15 and k?
3
Let h = -70 - -115. Let b = -31 + h. Calculate the greatest common factor of 84 and b.
14
Let v be 4*129/36*3. Let q = v + -19. Calculate the highest common divisor of 6 and q.
6
Suppose -b = 2*b + f - 55, 5*b + 2*f - 92 = 0. Let s(p) = 2*p + 4*p**3 + p**2 - 5*p - 3*p**3. Let l be s(3). Calculate the greatest common factor of b and l.
9
Let k = -62 - -78. Calculate the highest common factor of 16 and k.
16
Let x(b) = 2*b + 15. Let u be x(0). What is the greatest common divisor of u and 3?
3
Suppose 4*w + 0*w = -640. Let h = 230 + w. What is the highest common factor of h and 10?
10
Let k(d) = -d + 9. Let i be k(7). Let t(o) = 6*o**3 - 2*o**2. Let b be t(i). What is the greatest common factor of 10 and b?
10
Let t(i) = i**2 - 10. Let q be t(4). Let a be ((-126)/(-49))/((-3)/(-28)). Calculate the greatest common factor of a and q.
6
Suppose -i + 2*i - 22 = 0. Suppose 3*t = 5*t - i. What is the greatest common divisor of t and 121?
11
Suppose -a - p - 4*p = -201, -a + 5*p = -231. Let d = -157 - -181. Calculate the highest common divisor of a and d.
24
Let c = -9 - -8. Let z = c + 19. Calculate the highest common divisor of 126 and z.
18
Let y = 56 + -47. Calculate the highest common divisor of 9 and y.
9
Let j be (20 - -1)*(-36)/(-21). Suppose 0 = -a - 3*m, 0 = a - 5*a + 2*m + 56. What is the highest common factor of j and a?
12
Let y(z) = -1. Let m(k) = -3*k + 10. Let i(a) = m(a) + 6*y(a). Let v be i(6). Let c = -1 - v. Calculate the highest common divisor of 13 and c.
13
Let x(j) = 7*j - 5. Let n be x(4). What is the highest common divisor of n and 207?
23
Let x(y) = y - 5. Let o be x(8). Let r be o/9*3 + 14. Calculate the greatest common divisor of 75 and r.
15
Let r(k) = -k**3 + 4*k + 3. Let q be r(-2). Suppose 8*b - 58 = -2*s, 0*b = -5*s - 4*b + 65. What is the highest common factor of q and s?
3
Let p = -7 + 4. Let h = 7 + p. Suppose n = -3*t - n + 70, 3*n = -h*t + 95. What is the greatest common factor of t and 30?
10
Suppose 0 = 3*r - r - 176. Suppose -3*m - 33 = -6*m. Calculate the greatest common divisor of m and r.
11
Let j(x) = 4*x**2 - 2*x - 1. Let l be j(2). Suppose 2*a - l = 3*f, -3*a + 4*f + f + 18 = 0. Calculate the greatest common factor of a and 8.
1
Let x(z) = z**3 + 3*z**2 - 3*z + 1. Let d be x(-3). Calculate the highest common factor of d and 35.
5
Let r(b) = b**2 - b + 5. Let y be r(0). Suppose -4*x = -16, -4*q - 2*x + y = -75. Calculate the greatest common factor of 45 and q.
9
Suppose 4*d = -3*s + 74, 0 = 4*s - 8. Let c = 24 - d. Suppose 4*z - 11 - 129 = 0. What is the highest common factor of z and c?
7
Let p(s) = -2*s + 31. Let u be p(9). What is the greatest common divisor of 13 and u?
13
Suppose -7 = -j - 1. Let u(a) = 10*a. Let k be u(4). Let q = k + -25. What is the highest common factor of j and q?
3
Let l = 15 - 13. Let r(u) = u**2 + 8*u + 7. Let o be r(-5). Let t = 24 + o. Calculate the greatest common factor of l and t.
2
Let y(f) = -2*f**3 + f**2 + 2*f + 2. Let h be ((-1)/(-2))/((-1)/4). Let m be y(h). Let d = 64 - 58. Calculate the highest common factor of m and d.
6
Suppose 2*n - 78 = -3*j, -3*j + 4*n - 3 + 81 = 0. Suppose j = -y + 92. Calculate the highest common divisor of y and 22.
22
Let a = 60 - 38. Suppose -3*h = -0*h - 1179. Suppose -3*z + h = -69. What is the highest common factor of a and z?
22
Suppose -3*u = -l - 15, 6*u + 4*l = u + 25. Let h = -1 + u. What is the greatest common divisor of 28 and h?
4
Let j = -139 + 83. Let r = 84 + j. Calculate the greatest common divisor of r and 70.
14
Let n(s) = -s**3 + 14*s**2 + 12. Let w be n(14). Let k be (36/16)/3*w. What is the greatest common divisor of k and 27?
9
Suppose -442 - 158 = -8*o. What is the greatest common divisor of 25 and o?
25
Suppose 0 = 2*k - 8*k. Let o(u) = -7 + 2*u**2 - u - 3*u**2 + 27. Let v be o(k). Calculate the highest common factor of 20 and v.
20
Let h(x) = 6 + x - 8*x + 1. Suppose -5*n = -3*b - b - 33, 5*b - 3*n = -38. Let k be h(b). Calculate the greatest common factor of k and 7.
7
Suppose -5*d - 24 = -2*z + 2, -z + 5*d + 23 = 0. Suppose -1 = z*a - 49. What is the greatest common facto